{"id":50,"date":"2015-06-11T18:26:57","date_gmt":"2015-06-11T18:26:57","guid":{"rendered":"https:\/\/house-coffee.es\/?page_id=21"},"modified":"2019-06-27T10:53:34","modified_gmt":"2019-06-27T10:53:34","slug":"fuentes-de-agua","status":"publish","type":"page","link":"https:\/\/house-coffee.es\/?page_id=50","title":{"rendered":"Fuentes de agua a red"},"content":{"rendered":"<p>[et_pb_section fb_built=\"1\" fullwidth=\"on\" _builder_version=\"3.22.7\" background_color=\"rgba(255,255,255,0.17)\"][et_pb_fullwidth_header _builder_version=\"3.23.3\" title_font=\"Roboto|700|||||||\" title_text_color=\"#333333\" background_color=\"rgba(255,255,255,0.17)\" custom_margin=\"0px|0px|0px|0px|true|true\" custom_padding=\"20px|0px|20px|0px|true|true\"]<\/p>\n<h1 class=\"h1-size\"><span style=\"color: #000000;\">Fuentes de agua a red<\/span><\/h1>\n<p>[\/et_pb_fullwidth_header][\/et_pb_section][et_pb_section fb_built=\"1\" admin_label=\"section\" _builder_version=\"3.22.3\" custom_padding=\"|0px||||\"][et_pb_row admin_label=\"row\" _builder_version=\"3.22.3\" background_size=\"initial\" background_position=\"top_left\" background_repeat=\"repeat\"][et_pb_column type=\"4_4\" _builder_version=\"3.0.47\"][et_pb_text admin_label=\"Text\" _builder_version=\"3.23.3\" text_font=\"Roboto||||||||\" text_text_color=\"#777777\" header_font=\"||||||||\" header_2_font=\"Roboto|700|||||||\" header_2_text_color=\"#333333\" header_2_font_size=\"30px\" background_size=\"initial\" background_position=\"top_left\" background_repeat=\"repeat\"]<\/p>\n<h2><strong>Fuente de Agua Osmotizada Blue Lake<\/strong><\/h2>\n<p><strong><\/strong><\/p>\n<p><strong><\/strong><\/p>\n<p>Fuente de agua filtrada con conexi\u00f3n a red dispensadora de <strong>agua fr\u00eda, caliente o natural<\/strong>, dotada de tres etapas de filtrado (una de sedimentos y dos de carb\u00f3n activo).<\/p>\n<p><strong>Agua de m\u00e1xima calidad<\/strong> sin sabores ni olores.<\/p>\n<p>[\/et_pb_text][\/et_pb_column][\/et_pb_row][et_pb_row _builder_version=\"3.22.7\"][et_pb_column type=\"1_2\" _builder_version=\"3.22.7\"][et_pb_image src=\"https:\/\/house-coffee.es\/wp-content\/uploads\/2019\/05\/fuente_agua_full.jpg\" alt=\"Imagen de la fuente de agua Blue Lake\" title_text=\"Imagen de la fuente de agua Blue Lake\" align=\"center\" align_tablet=\"center\" align_last_edited=\"on|desktop\" module_class=\"imgancho\" _builder_version=\"3.24.1\"][\/et_pb_image][\/et_pb_column][et_pb_column type=\"1_2\" _builder_version=\"3.22.7\"][et_pb_text _builder_version=\"3.24.1\" text_font=\"Roboto||||||||\" text_text_color=\"#777777\" text_font_size=\"16px\"]<\/p>\n<p><strong><\/strong><\/p>\n<ul>\n<li><strong>Instalaci\u00f3n completa gratuita<\/strong>.<\/li>\n<\/ul>\n<ul>\n<li><strong>Mantenimiento<\/strong>, higienizaci\u00f3n y cambio de filtros\u00a0incluidos en cuota mensual.<\/li>\n<\/ul>\n<ul>\n<li><strong>M\u00e1xima calidad del agua<\/strong><span>\u00a0<\/span>gracias a su triple filtrado y su sistema de osmosis inversa.<\/li>\n<\/ul>\n<ul>\n<li><strong>Sistema de seguridad<\/strong><span>\u00a0<\/span>en grifo agua caliente.<\/li>\n<\/ul>\n<ul>\n<li><strong>Agua fr\u00eda, caliente y del tiempo.<\/strong><\/li>\n<\/ul>\n<ul>\n<li><strong>Termostato<\/strong><span>\u00a0<\/span>de regulaci\u00f3n de temperatura.<\/li>\n<\/ul>\n<ul>\n<li><strong>Doble dep\u00f3sito<\/strong><span>\u00a0<\/span>de almacenamiento con capacidad\u00a0de 6 litros para agua fr\u00eda y caliente.<\/li>\n<\/ul>\n<ul>\n<li><strong>Asistencia t\u00e9cnica<\/strong><span>\u00a0<\/span>garantizada antes de 24 horas.<\/li>\n<\/ul>\n<p>[\/et_pb_text][\/et_pb_column][\/et_pb_row][et_pb_row _builder_version=\"3.23.3\"][et_pb_column type=\"4_4\" _builder_version=\"3.23.3\"][et_pb_text _builder_version=\"3.23.3\" text_font=\"Roboto||||||||\" text_text_align=\"center\" text_text_color=\"#777777\" background_color=\"#F2F3F4\" background_size=\"initial\" background_position=\"top_left\" background_repeat=\"repeat\" box_shadow_style=\"preset2\" custom_margin=\"0px|0px|0px|0px|true|true\" custom_padding=\"30px|0px|30px|0px|true|true\"]<\/p>\n<p style=\"text-align: center;\"><strong>HOUSE COFFEE<\/strong><span><span>\u00a0<\/span>se encargar\u00e1 de la<span>\u00a0<\/span><\/span><strong>instalaci\u00f3n<\/strong><span><span>\u00a0<\/span>de la m\u00e1quina, de su<span>\u00a0<\/span><\/span><strong>mantenimiento<\/strong><span>\u00a0y de la<span>\u00a0<\/span><\/span><strong>asistencia t\u00e9cnica<\/strong><span><span>\u00a0<\/span>de manera totalmente<span>\u00a0<\/span><\/span><strong>gratuita<\/strong><span>.<\/span><\/p>\n<p>[\/et_pb_text][\/et_pb_column][\/et_pb_row][\/et_pb_section]<\/p>\n","protected":false},"excerpt":{"rendered":"<p>[et_pb_section fb_built=\"1\" fullwidth=\"on\" _builder_version=\"3.22.7\" background_color=\"rgba(255,255,255,0.17)\"][et_pb_fullwidth_header _builder_version=\"3.23.3\" title_font=\"Roboto|700|||||||\" title_text_color=\"#333333\" background_color=\"rgba(255,255,255,0.17)\" custom_margin=\"0px|0px|0px|0px|true|true\" custom_padding=\"20px|0px|20px|0px|true|true\"] Fuentes de agua a red [\/et_pb_fullwidth_header][\/et_pb_section][et_pb_section fb_built=\"1\" admin_label=\"section\" _builder_version=\"3.22.3\" custom_padding=\"|0px||||\"][et_pb_row admin_label=\"row\" _builder_version=\"3.22.3\" background_size=\"initial\" background_position=\"top_left\" background_repeat=\"repeat\"][et_pb_column type=\"4_4\" _builder_version=\"3.0.47\"][et_pb_text admin_label=\"Text\" _builder_version=\"3.23.3\" text_font=\"Roboto||||||||\" text_text_color=\"#777777\" header_font=\"||||||||\" header_2_font=\"Roboto|700|||||||\" header_2_text_color=\"#333333\" header_2_font_size=\"30px\" background_size=\"initial\" background_position=\"top_left\" background_repeat=\"repeat\"] Fuente de Agua Osmotizada Blue Lake Fuente de agua filtrada con conexi\u00f3n a red dispensadora de [&hellip;]<\/p>\n","protected":false},"author":1,"featured_media":0,"parent":54,"menu_order":0,"comment_status":"closed","ping_status":"open","template":"","meta":{"_et_pb_use_builder":"on","_et_pb_old_content":"\n\t\t\t\t[vc_row margin_top=\"0\" margin_bottom=\"0\" css=\".vc_custom_1533834039477{margin-bottom: 0px !important;}\"][vc_column][vc_empty_space][vc_column_text]\n<div class=\"page\" title=\"Page 1\">\n<div class=\"layoutArea\">\n<div class=\"column\">\n<h2><strong>Fuente de Agua Osmotizada Blue Lake<\/strong><\/h2>\n<\/div>\n<\/div>\n<\/div>\n[\/vc_column_text][vc_empty_space][vc_column_text]Fuente de agua filtrada con conexio?n a red dispensadora de <strong>agua fri?a, caliente o natural<\/strong>, dotada de tres etapas de filtrado (una de sedimentos y dos de carbo?n activo).\n\n<strong>Agua de m\u00e1xima calidad<\/strong> sin sabores ni olores.[\/vc_column_text][vc_empty_space][vc_row_inner][vc_column_inner width=\"1\/2\"][vc_single_image image=\"548\" img_size=\"full\" alignment=\"center\"][\/vc_column_inner][vc_column_inner width=\"1\/2\"][vc_empty_space][dt_vc_list]\n<ul>\n \t<li><strong>Instalacio?n completa gratuita<\/strong>.<\/li>\n \t<li><strong>Mantenimiento<\/strong>, higienizacio?n y cambio de filtros\u00a0incluidos en cuota mensual.<\/li>\n \t<li><strong>Ma?xima calidad del agua<\/strong> gracias a su triple filtrado y su sistema de osmosis inversa.<\/li>\n \t<li><strong>Sistema de seguridad<\/strong> en grifo agua caliente.<\/li>\n \t<li><strong>Agua fri?a, caliente y del tiempo.<\/strong><\/li>\n \t<li><strong>Termostato<\/strong> de regulacio?n de temperatura.<\/li>\n \t<li><strong>Doble depo?sito<\/strong> de almacenamiento con capacidad\u00a0de 6 litros para agua fri?a y caliente.<\/li>\n \t<li><strong>Asistencia te?cnica<\/strong> garantizada antes de 24 horas.<\/li>\n<\/ul>\n[\/dt_vc_list][\/vc_column_inner][\/vc_row_inner][vc_empty_space][vc_column_text el_class=\"greyBox\"]\n<div class=\"page\" style=\"text-align: center;\" title=\"Page 1\">\n<div class=\"layoutArea\">\n<div class=\"column\">\n\n<strong>HOUSE COFFEE<\/strong> se encargar\u00e1 de la <strong>instalaci\u00f3n<\/strong> de la m\u00e1quina, de su <strong>mantenimiento<\/strong>\u00a0y de la <strong>asistencia t\u00e9cnica<\/strong> de manera totalmente <strong>gratuita<\/strong>.\n\n<\/div>\n<\/div>\n<\/div>\n[\/vc_column_text][vc_empty_space height=\"80px\"][\/vc_column][\/vc_row]\t\t","_et_gb_content_width":"","footnotes":""},"class_list":["post-50","page","type-page","status-publish","hentry"],"yoast_head":"<!-- This site is optimized with the Yoast SEO plugin v26.6 - https:\/\/yoast.com\/wordpress\/plugins\/seo\/ -->\n<title>Fuentes de agua para empresas y oficinas en Madrid | House Coffee<\/title>\n<meta name=\"description\" content=\"[et_pb_section fb_built=&quot;1&quot; fullwidth=&quot;on&quot; _builder_version=&quot;3.22.7&quot; background_color=&quot;rgba(255,255,255,0.17)&quot;][et_pb_fullwidth_header _builder_version=&quot;3.23.3&quot; title_font=&quot;Roboto|700|||||||&quot; title_text_color=&quot;#333333&quot; background_color=&quot;rgba(255,255,255,0.17)&quot; custom_margin=&quot;0px|0px|0px|0px|true|true&quot; custom_padding=&quot;20px|0px|20px|0px|true|true&quot;] Fuentes de agua a red [\/et_pb_fullwidth_header][\/et_pb_section][et_pb_section fb_built=&quot;1&quot; admin_label=&quot;section&quot; _builder_version=&quot;3.22.3&quot; custom_padding=&quot;|0px||||&quot;][et_pb_row admin_label=&quot;row&quot; _builder_version=&quot;3.22.3&quot; background_size=&quot;initial&quot; background_position=&quot;top_left&quot; background_repeat=&quot;repeat&quot;][et_pb_column type=&quot;4_4&quot; _builder_version=&quot;3.0.47&quot;][et_pb_text admin_label=&quot;Text&quot; _builder_version=&quot;3.23.3&quot; text_font=&quot;Roboto||||||||&quot; text_text_color=&quot;#777777&quot; header_font=&quot;||||||||&quot; header_2_font=&quot;Roboto|700|||||||&quot; header_2_text_color=&quot;#333333&quot; header_2_font_size=&quot;30px&quot; background_size=&quot;initial&quot; background_position=&quot;top_left&quot; background_repeat=&quot;repeat&quot;] Fuente de Agua Osmotizada Blue Lake Fuente de agua filtrada con conexi\u00f3n a red dispensadora de [&hellip;]\" \/>\n<meta name=\"robots\" content=\"index, follow, max-snippet:-1, max-image-preview:large, max-video-preview:-1\" \/>\n<link rel=\"canonical\" href=\"https:\/\/house-coffee.es\/?page_id=50\" \/>\n<meta property=\"og:locale\" content=\"es_ES\" \/>\n<meta property=\"og:type\" content=\"article\" \/>\n<meta property=\"og:title\" content=\"Fuentes de agua para empresas y oficinas en Madrid | House Coffee\" \/>\n<meta property=\"og:description\" content=\"Excelentes fuentes de agua filtrada para empresas y oficinas. Fuente de agua filtrada con conexi\u00f3n a red. Sin duda, el mejor agua para tu oficina o negocio.\" \/>\n<meta property=\"og:url\" content=\"https:\/\/house-coffee.es\/?page_id=50\" \/>\n<meta property=\"og:site_name\" content=\"M\u00e1quinas de caf\u00e9 para empresas y oficinas en Madrid. Vending Nestl\u00e9 Professional\" \/>\n<meta property=\"article:publisher\" content=\"https:\/\/www.facebook.com\/housecoffee.es\" \/>\n<meta property=\"article:modified_time\" content=\"2019-06-27T10:53:34+00:00\" \/>\n<meta name=\"twitter:card\" content=\"summary_large_image\" \/>\n<meta name=\"twitter:site\" content=\"@HouseCoffee\" \/>\n<meta name=\"twitter:label1\" content=\"Tiempo de lectura\" \/>\n\t<meta name=\"twitter:data1\" content=\"2 minutos\" \/>\n<script type=\"application\/ld+json\" class=\"yoast-schema-graph\">{\"@context\":\"https:\/\/schema.org\",\"@graph\":[{\"@type\":\"WebPage\",\"@id\":\"https:\/\/house-coffee.es\/?page_id=50\",\"url\":\"https:\/\/house-coffee.es\/?page_id=50\",\"name\":\"Fuentes de agua para empresas y oficinas en Madrid | House Coffee\",\"isPartOf\":{\"@id\":\"https:\/\/house-coffee.es\/#website\"},\"datePublished\":\"2015-06-11T18:26:57+00:00\",\"dateModified\":\"2019-06-27T10:53:34+00:00\",\"description\":\"Excelentes fuentes de agua filtrada para empresas y oficinas. Fuente de agua filtrada con conexi\u00f3n a red. Sin duda, el mejor agua para tu oficina o negocio.\",\"breadcrumb\":{\"@id\":\"https:\/\/house-coffee.es\/?page_id=50#breadcrumb\"},\"inLanguage\":\"es\",\"potentialAction\":[{\"@type\":\"ReadAction\",\"target\":[\"https:\/\/house-coffee.es\/?page_id=50\"]}]},{\"@type\":\"BreadcrumbList\",\"@id\":\"https:\/\/house-coffee.es\/?page_id=50#breadcrumb\",\"itemListElement\":[{\"@type\":\"ListItem\",\"position\":1,\"name\":\"Portada\",\"item\":\"https:\/\/house-coffee.es\/\"},{\"@type\":\"ListItem\",\"position\":2,\"name\":\"Privado: Nuestras m\u00e1quinas\",\"item\":\"https:\/\/house-coffee.es\/?page_id=54\"},{\"@type\":\"ListItem\",\"position\":3,\"name\":\"Fuentes de agua a red\"}]},{\"@type\":\"WebSite\",\"@id\":\"https:\/\/house-coffee.es\/#website\",\"url\":\"https:\/\/house-coffee.es\/\",\"name\":\"M\u00e1quinas de caf\u00e9 para empresas y oficinas en Madrid. Vending Nestl\u00e9 Professional\",\"description\":\"M\u00e1quinas de caf\u00e9 para empresas y oficinas. Nuestras m\u00e1quinas de caf\u00e9 para empresas y oficinas son de \u00faltima generaci\u00f3n, robustas y fiables. M\u00e1quinas vending para empresas. Estamos ubicados en Madrid pero atendemos a la zona sur de Madrid y zona norte.\",\"publisher\":{\"@id\":\"https:\/\/house-coffee.es\/#organization\"},\"potentialAction\":[{\"@type\":\"SearchAction\",\"target\":{\"@type\":\"EntryPoint\",\"urlTemplate\":\"https:\/\/house-coffee.es\/?s={search_term_string}\"},\"query-input\":{\"@type\":\"PropertyValueSpecification\",\"valueRequired\":true,\"valueName\":\"search_term_string\"}}],\"inLanguage\":\"es\"},{\"@type\":\"Organization\",\"@id\":\"https:\/\/house-coffee.es\/#organization\",\"name\":\"House Coffee\",\"url\":\"https:\/\/house-coffee.es\/\",\"logo\":{\"@type\":\"ImageObject\",\"inLanguage\":\"es\",\"@id\":\"https:\/\/house-coffee.es\/#\/schema\/logo\/image\/\",\"url\":\"https:\/\/house-coffee.es\/wp-content\/uploads\/2019\/06\/logox2.png\",\"contentUrl\":\"https:\/\/house-coffee.es\/wp-content\/uploads\/2019\/06\/logox2.png\",\"width\":300,\"height\":282,\"caption\":\"House Coffee\"},\"image\":{\"@id\":\"https:\/\/house-coffee.es\/#\/schema\/logo\/image\/\"},\"sameAs\":[\"https:\/\/www.facebook.com\/housecoffee.es\",\"https:\/\/x.com\/HouseCoffee\"]}]}<\/script>\n<!-- \/ Yoast SEO plugin. -->","yoast_head_json":{"title":"Fuentes de agua para empresas y oficinas en Madrid | House Coffee","description":"[et_pb_section fb_built=\"1\" fullwidth=\"on\" _builder_version=\"3.22.7\" background_color=\"rgba(255,255,255,0.17)\"][et_pb_fullwidth_header _builder_version=\"3.23.3\" title_font=\"Roboto|700|||||||\" title_text_color=\"#333333\" background_color=\"rgba(255,255,255,0.17)\" custom_margin=\"0px|0px|0px|0px|true|true\" custom_padding=\"20px|0px|20px|0px|true|true\"] Fuentes de agua a red [\/et_pb_fullwidth_header][\/et_pb_section][et_pb_section fb_built=\"1\" admin_label=\"section\" _builder_version=\"3.22.3\" custom_padding=\"|0px||||\"][et_pb_row admin_label=\"row\" _builder_version=\"3.22.3\" background_size=\"initial\" background_position=\"top_left\" background_repeat=\"repeat\"][et_pb_column type=\"4_4\" _builder_version=\"3.0.47\"][et_pb_text admin_label=\"Text\" _builder_version=\"3.23.3\" text_font=\"Roboto||||||||\" text_text_color=\"#777777\" header_font=\"||||||||\" header_2_font=\"Roboto|700|||||||\" header_2_text_color=\"#333333\" header_2_font_size=\"30px\" background_size=\"initial\" background_position=\"top_left\" background_repeat=\"repeat\"] Fuente de Agua Osmotizada Blue Lake Fuente de agua filtrada con conexi\u00f3n a red dispensadora de [&hellip;]","robots":{"index":"index","follow":"follow","max-snippet":"max-snippet:-1","max-image-preview":"max-image-preview:large","max-video-preview":"max-video-preview:-1"},"canonical":"https:\/\/house-coffee.es\/?page_id=50","og_locale":"es_ES","og_type":"article","og_title":"Fuentes de agua para empresas y oficinas en Madrid | House Coffee","og_description":"Excelentes fuentes de agua filtrada para empresas y oficinas. Fuente de agua filtrada con conexi\u00f3n a red. Sin duda, el mejor agua para tu oficina o negocio.","og_url":"https:\/\/house-coffee.es\/?page_id=50","og_site_name":"M\u00e1quinas de caf\u00e9 para empresas y oficinas en Madrid. Vending Nestl\u00e9 Professional","article_publisher":"https:\/\/www.facebook.com\/housecoffee.es","article_modified_time":"2019-06-27T10:53:34+00:00","twitter_card":"summary_large_image","twitter_site":"@HouseCoffee","twitter_misc":{"Tiempo de lectura":"2 minutos"},"schema":{"@context":"https:\/\/schema.org","@graph":[{"@type":"WebPage","@id":"https:\/\/house-coffee.es\/?page_id=50","url":"https:\/\/house-coffee.es\/?page_id=50","name":"Fuentes de agua para empresas y oficinas en Madrid | House Coffee","isPartOf":{"@id":"https:\/\/house-coffee.es\/#website"},"datePublished":"2015-06-11T18:26:57+00:00","dateModified":"2019-06-27T10:53:34+00:00","description":"Excelentes fuentes de agua filtrada para empresas y oficinas. Fuente de agua filtrada con conexi\u00f3n a red. Sin duda, el mejor agua para tu oficina o negocio.","breadcrumb":{"@id":"https:\/\/house-coffee.es\/?page_id=50#breadcrumb"},"inLanguage":"es","potentialAction":[{"@type":"ReadAction","target":["https:\/\/house-coffee.es\/?page_id=50"]}]},{"@type":"BreadcrumbList","@id":"https:\/\/house-coffee.es\/?page_id=50#breadcrumb","itemListElement":[{"@type":"ListItem","position":1,"name":"Portada","item":"https:\/\/house-coffee.es\/"},{"@type":"ListItem","position":2,"name":"Privado: Nuestras m\u00e1quinas","item":"https:\/\/house-coffee.es\/?page_id=54"},{"@type":"ListItem","position":3,"name":"Fuentes de agua a red"}]},{"@type":"WebSite","@id":"https:\/\/house-coffee.es\/#website","url":"https:\/\/house-coffee.es\/","name":"M\u00e1quinas de caf\u00e9 para empresas y oficinas en Madrid. Vending Nestl\u00e9 Professional","description":"M\u00e1quinas de caf\u00e9 para empresas y oficinas. Nuestras m\u00e1quinas de caf\u00e9 para empresas y oficinas son de \u00faltima generaci\u00f3n, robustas y fiables. M\u00e1quinas vending para empresas. Estamos ubicados en Madrid pero atendemos a la zona sur de Madrid y zona norte.","publisher":{"@id":"https:\/\/house-coffee.es\/#organization"},"potentialAction":[{"@type":"SearchAction","target":{"@type":"EntryPoint","urlTemplate":"https:\/\/house-coffee.es\/?s={search_term_string}"},"query-input":{"@type":"PropertyValueSpecification","valueRequired":true,"valueName":"search_term_string"}}],"inLanguage":"es"},{"@type":"Organization","@id":"https:\/\/house-coffee.es\/#organization","name":"House Coffee","url":"https:\/\/house-coffee.es\/","logo":{"@type":"ImageObject","inLanguage":"es","@id":"https:\/\/house-coffee.es\/#\/schema\/logo\/image\/","url":"https:\/\/house-coffee.es\/wp-content\/uploads\/2019\/06\/logox2.png","contentUrl":"https:\/\/house-coffee.es\/wp-content\/uploads\/2019\/06\/logox2.png","width":300,"height":282,"caption":"House Coffee"},"image":{"@id":"https:\/\/house-coffee.es\/#\/schema\/logo\/image\/"},"sameAs":["https:\/\/www.facebook.com\/housecoffee.es","https:\/\/x.com\/HouseCoffee"]}]}},"_links":{"self":[{"href":"https:\/\/house-coffee.es\/index.php?rest_route=\/wp\/v2\/pages\/50","targetHints":{"allow":["GET"]}}],"collection":[{"href":"https:\/\/house-coffee.es\/index.php?rest_route=\/wp\/v2\/pages"}],"about":[{"href":"https:\/\/house-coffee.es\/index.php?rest_route=\/wp\/v2\/types\/page"}],"author":[{"embeddable":true,"href":"https:\/\/house-coffee.es\/index.php?rest_route=\/wp\/v2\/users\/1"}],"replies":[{"embeddable":true,"href":"https:\/\/house-coffee.es\/index.php?rest_route=%2Fwp%2Fv2%2Fcomments&post=50"}],"version-history":[{"count":0,"href":"https:\/\/house-coffee.es\/index.php?rest_route=\/wp\/v2\/pages\/50\/revisions"}],"up":[{"embeddable":true,"href":"https:\/\/house-coffee.es\/index.php?rest_route=\/wp\/v2\/pages\/54"}],"wp:attachment":[{"href":"https:\/\/house-coffee.es\/index.php?rest_route=%2Fwp%2Fv2%2Fmedia&parent=50"}],"curies":[{"name":"wp","href":"https:\/\/api.w.org\/{rel}","templated":true}]}}